te the highest common divisor of s and 44.
11
Let h be -2*-1*2/1. Suppose h*r = 6*r - 10, 0 = -v + 4*r + 43. What is the greatest common factor of v and 9?
9
Suppose 0 = -5*x + 10 + 5. Let p = -32 + 65. What is the greatest common divisor of x and p?
3
Suppose 6*a + 28 = 2*a. Let m(v) = -v**2 - 7*v + 4. Let r be m(a). Calculate the greatest common divisor of 2 and r.
2
Suppose -3*k = -5*o - 35, 3*k = 5*k - 5*o - 20. Let b be ((-26)/6)/((-5)/k). Let l(t) = 53*t - 2. Let j be l(2). Calculate the highest common factor of j and b.
13
Let a be 0 + 112*(-4)/(-8). What is the highest common factor of 14 and a?
14
Suppose 18*z - 20*z = -88. Suppose -4*x + 67 = 5*a, -2*a - 2*a = -3*x - 35. What is the greatest common divisor of a and z?
11
Let f(s) = -2*s**2 - 9*s. Let k(l) = l**2 + l - 1. Let x(h) = -f(h) - 3*k(h). Let q be x(6). Calculate the highest common factor of 1 and q.
1
Suppose -x + 8 = 173. Let c = x + 286. Calculate the greatest common divisor of c and 11.
11
Let i = 29 + -26. Suppose 5*a = -4*c + 36, 0*a = -4*c + 5*a + 36. What is the highest common divisor of i and c?
3
Let o be (-1)/4 - 328/(-32). What is the greatest common divisor of o and 50?
10
Let r = -20 - -22. Suppose -r*d + 30 = -2. What is the greatest common divisor of 16 and d?
16
Let t = 6 + -4. Let l(u) = 2*u**3 + 2*u**2 - u. Let j be l(t). Calculate the greatest common divisor of j and 55.
11
Let b be 4 - ((-2)/(-3))/((-4)/6). Suppose -2*t + 0 + 4 = 0. Suppose -20 = -t*y - 0*y. What is the greatest common factor of y and b?
5
Let b(i) = i - 1. Let x be b(6). Calculate the greatest common divisor of x and 5.
5
Let q be 569/6 - 6/(-36). Calculate the highest common factor of 19 and q.
19
Suppose f = -5*f + 168. Calculate the greatest common factor of 42 and f.
14
Suppose 2*n = 4, -5*i + 48 = 5*n - n. Let k be 5/(-10)*(-2 - i). Calculate the greatest common divisor of 55 and k.
5
Suppose 130 = -6*w + 1330. What is the greatest common divisor of w and 20?
20
Let p(h) = -h + h - 2*h. Suppose -6 = k - 3*i, -4*k = i - 5*i + 16. Let m be p(k). What is the highest common divisor of 18 and m?
6
Let l = -119 - 108. Let u be l/(-3) + 8/(-12). What is the greatest common factor of u and 15?
15
Let s be 1 + 0 + 19 + 3. What is the greatest common factor of s and 115?
23
Suppose -4*i + 68 = 4*j, 0*j - 2*i - 30 = -2*j. Suppose 0 = -o - 3*o - j. Let f(t) = -2*t + 5. Let m be f(o). Calculate the greatest common factor of m and 104.
13
Suppose -100*y + 110*y = 170. Let c be (-22)/(-4) + (-2)/4. Suppose -2*u + u - 3*w = -59, -15 = c*w. Calculate the greatest common divisor of u and y.
17
Let z = 47 - 43. What is the highest common divisor of 28 and z?
4
Let x(y) be the first derivative of y**4/4 - 5*y**3/3 + 5*y**2/2 + 3. Let n be x(4). Calculate the greatest common divisor of 4 and n.
4
Let u(f) = -10 - 5*f**2 - 4*f - f**3 + 4 - f**2. Let m be u(-6). What is the greatest common divisor of m and 162?
18
Let r(z) = z + 4. Let q be r(3). What is the highest common divisor of 28 and q?
7
Let u be 2/9 + (-102)/(-27). Suppose 0 = -h + z + 4, 2*h - 7*h + 15 = -u*z. Let m be -3*5*1/h. What is the greatest common factor of m and 5?
5
Suppose -3*g = -5*g + 24. Let w be (-11 + 3)*(0 + -1). Let p = w - -76. What is the highest common divisor of g and p?
12
Let k be 2/((-6)/(-15)*1). Let g(y) = 4 + 0*y**2 + y**2 + 0*y**2 + 0*y**2 - 5*y. Let s be g(k). Calculate the greatest common factor of s and 36.
4
Let v be (7 - 1)/(3/(-2)). Let u = -3 - v. Suppose -2*o = -w - u, -6*o - 3*w = -o - 19. What is the greatest common divisor of o and 1?
1
Let d be (-8)/(-8) + -1 + -3. Let h be 1*(-9 - d)/(-2). Calculate the highest common divisor of h and 33.
3
Suppose 12 = -5*f + 8*f. Let d be 712 + 1*f/2. Suppose 0 = 2*j - 3*q - 213, -2*q + 209 = -5*j + d. What is the highest common divisor of 11 and j?
11
Suppose -4*a + 13 = -t, t - a - 19 = -5*a. What is the greatest common factor of t and 3?
3
Let v = 11 + 4. Suppose 2*p + 4*d = -0*d + 240, -3*p = -2*d - 320. Let f be p/2 + 2 + 3. What is the highest common divisor of f and v?
15
Suppose -2*n + 45 = 3*n. Suppose -5*s + 59 = n. Suppose -5*m + 438 = 3*q, 2*m - 340 = -2*m - 5*q. Calculate the greatest common factor of m and s.
10
Suppose 15 = z - 13. What is the greatest common divisor of z and 7?
7
Suppose -4*g = g + 10. Let b be 1 - (13 + (0 - g)). Let c be 72/7 + 4/b. Calculate the greatest common factor of 80 and c.
10
Suppose 0*m + 3*m = 2*i + 398, 2*i = 4*m - 530. What is the highest common divisor of m and 22?
22
Suppose 0 = 2*g - 11 - 15. Suppose 0 = -5*v + g + 287. Calculate the greatest common divisor of 15 and v.
15
Suppose -3*b + 70 = -b - 5*a, 0 = -4*a. Let x = 47 - b. Suppose 4*t - 390 = -0*t + 3*m, 2*t = -3*m + 186. Calculate the highest common divisor of x and t.
12
Suppose -24 = 5*s - 2*y + 34, 59 = -5*s + y. Let a(f) = -f + 28. Let h be a(0). Let r = h + s. Calculate the highest common factor of 40 and r.
8
Let f = 63 + -56. What is the highest common divisor of 77 and f?
7
Let c(w) = w**3 - 4*w**2 + 7*w - 6. Let j be c(3). What is the greatest common factor of 30 and j?
6
Let l be (2/(-4))/(-2*(-4)/(-304)). Calculate the greatest common factor of 209 and l.
19
Let u = 126 - 56. Suppose p - s - 15 = -p, 5*p - s = 36. What is the highest common factor of p and u?
7
Let w = 16 + 0. Let l be (-7)/(-2)*192/112. Let y = l + w. Calculate the greatest common factor of y and 2.
2
Let z be 3*(-4)/(-6) - -14. Calculate the highest common divisor of z and 8.
8
Let x be (-1)/(-5) - (-109)/5. Let k(g) = -3*g + 2. Let h be k(4). Let r be 4/(-3)*15/h. What is the greatest common divisor of r and x?
2
Let u(t) = -t**2 - t. Let j be u(-5). Let z = j + 90. Calculate the highest common divisor of z and 14.
14
Suppose 314 = 9*c - 91. What is the highest common factor of 9 and c?
9
Suppose 3*m = -3*p + 156, 4*m - p - 228 = -0*p. Let d(i) = -i**2 - i + 5. Let x be d(0). Suppose -m = -x*r + 9. What is the greatest common factor of r and 39?
13
Let h(y) = 2*y**3 - 4. Let n be h(2). What is the greatest common factor of n and 3?
3
Let x = -2 - -3. Let u(p) = 128*p. Let b be u(x). Suppose 3*l = 33 + 15. Calculate the greatest common factor of l and b.
16
Let f be 5/(-4) + 2 - (-5556)/16. Calculate the highest common factor of 12 and f.
12
Let y(g) = 23*g + 4. Let u be y(5). What is the highest common divisor of 17 and u?
17
Let y be (-1 + (2 - -3))*(-2 - -4). What is the highest common divisor of 8 and y?
8
Let c = 14 - 2. Calculate the greatest common factor of c and 36.
12
Let o(r) = r**3 + 6*r**2 + 5*r + 5. Let g(y) = 4*y**3 + y**2 + y + 1. Let b be g(-1). Let c be o(b). Calculate the greatest common factor of c and 119.
17
Let i be (8/2)/((-4)/10). Let z be (-288)/(-20) - (-4)/i. Suppose -4 - z = -3*d. Calculate the greatest common factor of d and 4.
2
Let s be 0/(4 + 0) + 37. What is the highest common factor of s and 148?
37
Let z(j) = -j + 1. Let t = 3 - 8. Let g be z(t). Let u(h) = h**2 + h. Let n be u(6). What is the greatest common factor of g and n?
6
Suppose 2*w + w = 6. Suppose -f = -w - 49. Let z = 150 - f. What is the highest common divisor of z and 9?
9
Let w be -2 + -2 + 3 + 3. Suppose -w*s - 2*s = -36. What is the highest common factor of s and 81?
9
Suppose -1120 = 8*d - 13*d. Calculate the highest common divisor of 28 and d.
28
Let c(d) = d**3 - 6*d**2 + 6*d - 6. Let r be c(5). Let g be 2/3*12 - r. What is the highest common divisor of g and 27?
9
Let n = 96 - -84. Suppose -4*i - i = -n. Let j be (6/4)/(6/4) + 8. Calculate the greatest common divisor of j and i.
9
Let m = 3 - 0. Suppose 2*o - 162 = -m*n, 0 = -0*n - 2*n. Calculate the highest common divisor of 9 and o.
9
Suppose -4*x = -5*f - 14, -2*x = -4*x - 4*f + 20. Suppose -4*i - 9 + 25 = 0. What is the highest common factor of x and i?
2
Suppose 2*y - 6*o = -o + 4, 6 = 3*y - 4*o. Suppose -2*d - 4*j + 8 = 0, y*d - 2*j - 21 - 5 = 0. Calculate the greatest common factor of 15 and d.
5
Let b be (5/2*2)/1. Suppose 4*g = 3*u + 314, -5*u + u = b*g - 408. Calculate the greatest common factor of g and 16.
16
Let h = 586 - 311. Calculate the greatest common divisor of h and 25.
25
Let t(l) = l**3 + 8*l**2 - 9*l + 4. Let k be t(-9). Calculate the greatest common divisor of k and 6.
2
Suppose -3*c = -49 + 16. S